de 1498342286?
True
Does 15 divide 5333445?
True
Is 3068747975 a multiple of 25?
True
Is 16 a factor of 517514733?
False
Does 9 divide 58321979?
False
Is 23 a factor of 4261460?
False
Is 118 a factor of 36452012?
False
Does 61 divide 731164453?
False
Is 176 a factor of 70006992?
True
Is 16 a factor of 381458115?
False
Is 9 a factor of 40758255?
True
Does 11 divide 238100412?
True
Does 68 divide 575387236?
True
Is 114014782 a multiple of 1857?
False
Is 2183 a factor of 760954573?
False
Is 38285996 a multiple of 2852?
False
Does 358 divide 4116428990?
True
Is 100898434 a multiple of 238?
True
Does 195 divide 250436842?
False
Is 42 a factor of 2250872?
False
Is 575967864 a multiple of 7662?
True
Does 343 divide 34448862?
True
Does 130 divide 8682700?
True
Is 2307330293 a multiple of 870?
False
Is 4563528 even?
True
Is 25047005 a multiple of 47?
True
Is 335783077 a multiple of 2?
False
Is 9436883 a multiple of 22?
False
Is 8422123 a multiple of 491?
True
Is 138 a factor of 23004324?
True
Does 21 divide 171997728?
True
Is 3172784 a multiple of 11?
False
Is 210882277 a multiple of 172?
False
Does 79 divide 356686495?
False
Does 12 divide 85281451?
False
Is 235 a factor of 69626945?
False
Is 8 a factor of 10218712?
True
Is 4 a factor of 316544076?
True
Does 417 divide 502005033?
True
Is 6811275 a multiple of 197?
True
Does 25 divide 3679039?
False
Does 154 divide 418837482?
False
Does 28 divide 8867030?
False
Does 158 divide 4142933?
False
Is 520665054 a multiple of 949?
True
Is 53 a factor of 4133723?
False
Is 342808136 a multiple of 1816?
True
Is 1268597 a multiple of 19?
False
Does 439 divide 519337?
True
Is 29 a factor of 84704505?
True
Does 1511 divide 2655670138?
True
Is 14823699 a multiple of 1370?
False
Does 180 divide 15055606?
False
Is 60097057 a multiple of 2413?
False
Does 186 divide 43001617?
False
Does 231 divide 94138737?
True
Is 292 a factor of 4950860?
True
Is 13 a factor of 215504354?
True
Does 314 divide 380822340?
True
Is 341846336 a multiple of 25?
False
Is 57 a factor of 233301228?
True
Does 136 divide 4354040?
True
Is 230626550 a multiple of 22?
True
Is 965266596 a multiple of 238?
True
Does 488 divide 96670360?
True
Is 41 a factor of 14589686?
True
Does 15 divide 54403679?
False
Does 5 divide 5658295?
True
Does 155 divide 10135605?
True
Is 569633256 a multiple of 275?
False
Is 306 a factor of 17674899?
False
Does 1810 divide 41121390?
True
Is 92 a factor of 8248076?
True
Is 82505904 a multiple of 1976?
True
Is 1350 a factor of 159826500?
True
Does 529 divide 11368210?
True
Does 501 divide 151591421?
False
Does 232 divide 11971664?
True
Does 677 divide 349191184?
True
Does 1415 divide 44431391?
False
Is 12 a factor of 1164504?
True
Does 52 divide 3233504040?
True
Is 1635 a factor of 2495490690?
True
Does 10 divide 9066240?
True
Is 8 a factor of 36465030?
False
Does 2583 divide 26395966?
False
Does 6 divide 123173244?
True
Is 914163723 a multiple of 261?
True
Is 2861 a factor of 28484116?
True
Is 73 a factor of 592983099?
False
Does 87 divide 4289571692?
False
Is 670 a factor of 6158640?
True
Is 47578730 a multiple of 729?
False
Does 2 divide 239377721?
False
Does 138 divide 19962252?
True
Is 277 a factor of 1008239952?
False
Is 95642851 a multiple of 99?
False
Is 3429 a factor of 265714827?
False
Is 70276750 a multiple of 94?
True
Is 170068174 a multiple of 20?
False
Is 2627 a factor of 146830911?
True
Is 3138352 a multiple of 112?
True
Is 71246099 a multiple of 11?
False
Is 30 a factor of 23227607?
False
Does 10 divide 5125430?
True
Is 13 a factor of 404070025?
False
Is 117 a factor of 273959935?
False
Is 45237844 a multiple of 2?
True
Is 16198932 a multiple of 21?
False
Is 310441233 a multiple of 51?
True
Is 2096 a factor of 72066768?
True
Is 162845694 a multiple of 54?
True
Does 102 divide 429924086?
False
Does 76 divide 49076012?
True
Is 53678617 a multiple of 4043?
False
Is 62836658 a multiple of 12?
False
Does 381 divide 38975984?
False
Is 10839444 a multiple of 14?
True
Is 4332715 even?
False
Is 1264 a factor of 1676571111?
False
Is 2431 a factor of 63232741?
True
Is 12 a factor of 395032991?
False
Is 17972256 a multiple of 78?
False
Does 33 divide 848486397?
True
Is 2912700 a multiple of 365?
True
Does 67 divide 12653382?
False
Does 75 divide 1762200?
True
Does 1520 divide 47017444?
False
Is 45735676 a multiple of 356?
True
Is 300 a factor of 2879100?
True
Is 9 a factor of 2531223?
True
Is 11762295 a multiple of 3?
True
Is 296 a factor of 45901312?
True
Does 5 divide 1492030992?
False
Is 29 a factor of 69993878?
True
Is 3543668 a multiple of 698?
False
Is 13 a factor of 401456755?
False
Does 152 divide 142521888?
True
Is 277 a factor of 5605649?
True
Is 2 a factor of 3536294?
True
Is 4842767589 a multiple of 4958?
False
Is 1085 a factor of 7614027?
False
Does 69 divide 19842261?
True
Does 2102 divide 132587854?
True
Does 19 divide 4494906?
True
Is 14 a factor of 880772312?
True
Is 64030859 a multiple of 2?
False
Is 643871025 a multiple of 729?
True
Is 299950440 a multiple of 10?
True
Is 17218015 a multiple of 32?
False
Is 54644309 a multiple of 2187?
False
Is 460 a factor of 343859367?
False
Is 207 a factor of 241889814?
False
Is 2607579 a multiple of 51?
True
Is 499337106 a multiple of 709?
False
Does 3826 divide 105704728?
True
Is 12205 a factor of 2808565780?
True
Is 1499 a factor of 29936529?
True
Does 36 divide 4016305?
False
Is 2215 a factor of 1791833845?
False
Does 542 divide 1004810548?
True
Is 62285504 a multiple of 8230?
False
Does 60 divide 1533775560?
True
Does 31 divide 1382246054?
False
Does 2318 divide 731005260?
False
Does 155 divide 79892441?
False
Is 574175640 a multiple of 30?
True
Does 89 divide 93484710?
True
Is 13610459 a multiple of 115?
False
Is 204614420 a multiple of 21?
False
Does 203 divide 1008024920?
True
Is 16 a factor of 52670304?
True
Does 58 divide 21660788?
False
Is 21798533 a multiple of 61?
True
Does 128 divide 281262580?
False
Is 127955135 a multiple of 18?
False
Does 11 divide 414841515?
True
Is 19 a factor of 333321919?
False
Is 749 a factor of 86889925?
False
Does 28 divide 50589527?
False
Does 79 divide 3780992140?
True
Is 246372 a multiple of 42?
True
Is 1742779341 a multiple of 216?
False
Is 31790192 a multiple of 304?
True
Does 1536 divide 58916352?
True
Is 1215 a factor of 11934945?
True
Is 23 a factor of 27926715?
True
Is 12402300 a multiple of 30?
True
Is 6944220 a multiple of 18?
True
Does 19 divide 105203879?
False
Is 103460352 a multiple of 512?
True
Does 112 divide 62448848?
True
Is 10192036 a multiple of 11?
False
Is 598763786 a multiple of 14?
False
Is 210 a factor of 3461148385?
False
Does 726 divide 131999868?
True
Is 131 a factor of 493008133?
False
Does 20 divide 214025780?
True
Is 42 a factor of 71842470?
True
Is 818 a factor of 12090540?
False
Does 64 divide 9284352?
True
Does 1019 divide 35095466?
False
Does 3559 divide 103433570?
False
Does 2691 divide 986402196?
True
Is 170319372 a multiple of 27?
False
Is 127633008 a multiple of 204?
True
Is 388679846 a multiple of 339?
False
Is 3149 a factor of 1521794523?
False
Does 7 divide 826133?
True
Is 33618755 a multiple of 17?
False
Is 36 a factor of 105662088?
True
Is 8792680 a multiple of 40?
True
Is 374 a factor of 28178620?
False
Does 108 divide 8807292?
True
Is 230 a factor of 629535331?
False
Is 1651252912 a multiple of 38?
True
Is 670938691 a multiple of 40?
False
Is 28522080 a multiple of 1305?
True
Is 694 a factor of 293583514?
True
Does 27 divide 24954291?
True
Is 972 a factor of 5800896?
True
Does 7 divide 30192162?
True
Does 67 divide 25961473?
False
Is 68 a factor of 187175576?
True
Is 118648067 a multiple of 407?
False
Is 267 a factor of 420991449?
True
Does 50 divide 1988906006?
False
Is 33303245 a multiple of 393?
False
Does 225 divide 392365072?
False
Is 344115522 a multiple of 64?
False
Does 4 divide 8811076?
True
Is 601614300 a multiple of 7?
True
Is 40 a factor of 89800280?
True
Is 1968934880 a multiple of 40?
True
Does 3 divide 1376300?
False
Is 39768593 a multiple of 196?
False
Is 10 a factor of 1189070?
True
Is 10067031 a multiple of 261?
True
Is 60 a factor of 42119880?
True
Does 785 divide 34996085?
True
Does 153 divide 288788112?
True
Does 895 divide 3091288178?
False
Is 648171425 a 